{"id":16849,"date":"2026-04-09T16:09:39","date_gmt":"2026-04-09T14:09:39","guid":{"rendered":"https:\/\/www.axolight.it\/?post_type=progetti&#038;p=16849"},"modified":"2026-04-09T16:40:48","modified_gmt":"2026-04-09T14:40:48","slug":"residence-privee-les-greniers-de-babel","status":"publish","type":"progetti","link":"https:\/\/www.axolight.it\/fr\/projets\/residence-privee-les-greniers-de-babel\/","title":{"rendered":"R\u00e9sidence priv\u00e9e Les greniers de Babel"},"content":{"rendered":"\n<p>La suspension Bell est la pi\u00e8ce ma\u00eetresse de ce projet ; elle a \u00e9t\u00e9 choisie pour sa capacit\u00e9 \u00e0 apporter caract\u00e8re et raffinement \u00e0 n&rsquo;importe quel espace. Ses lignes sinueuses, associ\u00e9es au tissu pong\u00e9 raffin\u00e9, donnent naissance \u00e0 un design intemporel, \u00e0 la fois \u00e9l\u00e9gant et discret, capable de mettre en valeur les espaces sans les dominer. La lumi\u00e8re chaude et douce qu&rsquo;elle diffuse contribue \u00e0 cr\u00e9er une atmosph\u00e8re accueillante et raffin\u00e9e.<\/p>\n","protected":false},"excerpt":{"rendered":"<p>La suspension Bell est la pi\u00e8ce ma\u00eetresse de ce projet ; elle a \u00e9t\u00e9 choisie pour sa capacit\u00e9 \u00e0 apporter caract\u00e8re et raffinement \u00e0 n&rsquo;importe quel espace. Ses lignes sinueuses, associ\u00e9es au tissu pong\u00e9 raffin\u00e9, donnent naissance \u00e0 un design intemporel, \u00e0 la fois \u00e9l\u00e9gant et discret, capable de mettre en valeur les espaces sans [&hellip;]<\/p>\n","protected":false},"featured_media":16845,"template":"","collezioni":[453],"categoria-progetto":[426],"class_list":["post-16849","progetti","type-progetti","status-publish","has-post-thumbnail","hentry","collezioni-bell-fr","categoria-progetto-residences"],"acpt":{"meta":[{"meta_box":"dati-progetti","meta_fields":[{"name":"sottotitolo","type":"Text","options":[],"value":null,"default":"","required":false,"showInAdmin":false,"advancedOptions":[]},{"name":"location","type":"Text","options":[],"value":"Igornay, France","default":"","required":false,"showInAdmin":false,"advancedOptions":[]},{"name":"progetto","type":"Text","options":[],"value":"Agence Faure & Miniau","default":"","required":false,"showInAdmin":false,"advancedOptions":[]},{"name":"fotografo","type":"Text","options":[],"value":"Philippe Charlot","default":"","required":false,"showInAdmin":false,"advancedOptions":[]},{"name":"galleria","type":"Gallery","options":[],"value":["https:\/\/www.axolight.it\/wp-content\/uploads\/2026\/04\/bell_residenzaprivata_francia_gallery01.jpg","https:\/\/www.axolight.it\/wp-content\/uploads\/2026\/04\/bell_residenzaprivata_francia_gallery02.jpg"],"default":"","required":false,"showInAdmin":false,"advancedOptions":{"1":{"id":"c72ec791-36d0-40f4-b4a5-69406255069e","boxId":"84366ddd-3ca2-434a-ade9-e83e509deea3","fieldId":"ebe444f5-6b2b-4531-aca5-2955db3f57ef","key":"headline","value":"top"},"2":{"id":"cb2acd1c-b58d-48ac-9d83-13f9cb665540","boxId":"84366ddd-3ca2-434a-ade9-e83e509deea3","fieldId":"ebe444f5-6b2b-4531-aca5-2955db3f57ef","key":"width","value":""},"6":{"id":"3b519737-f808-40f3-9061-5b272aa509db","boxId":"84366ddd-3ca2-434a-ade9-e83e509deea3","fieldId":"ebe444f5-6b2b-4531-aca5-2955db3f57ef","key":"before","value":""},"7":{"id":"0a29c97b-6f4d-4667-9852-e9065b3d72ea","boxId":"84366ddd-3ca2-434a-ade9-e83e509deea3","fieldId":"ebe444f5-6b2b-4531-aca5-2955db3f57ef","key":"after","value":""},"8":{"id":"bdcf8381-1d04-41b1-bf5e-67f1323ace95","boxId":"84366ddd-3ca2-434a-ade9-e83e509deea3","fieldId":"ebe444f5-6b2b-4531-aca5-2955db3f57ef","key":"min","value":""},"9":{"id":"3d5041d7-4065-434d-9853-0065e143af6f","boxId":"84366ddd-3ca2-434a-ade9-e83e509deea3","fieldId":"ebe444f5-6b2b-4531-aca5-2955db3f57ef","key":"max","value":""},"11":{"id":"51b8ddb1-31bd-475c-ae95-1f1fbb51fd89","boxId":"84366ddd-3ca2-434a-ade9-e83e509deea3","fieldId":"ebe444f5-6b2b-4531-aca5-2955db3f57ef","key":"pattern","value":""},"18":{"id":"7afc41cd-0e46-4af9-8b51-58fe65bd827b","boxId":"84366ddd-3ca2-434a-ade9-e83e509deea3","fieldId":"ebe444f5-6b2b-4531-aca5-2955db3f57ef","key":"css","value":""},"29":{"id":"70ea557f-8fdc-4529-bf58-51be00621f93","boxId":"84366ddd-3ca2-434a-ade9-e83e509deea3","fieldId":"ebe444f5-6b2b-4531-aca5-2955db3f57ef","key":"vertical_alignment","value":"center"},"31":{"id":"d7ee44c3-2047-45eb-8091-653531b0fc29","boxId":"84366ddd-3ca2-434a-ade9-e83e509deea3","fieldId":"ebe444f5-6b2b-4531-aca5-2955db3f57ef","key":"set_thumbnail","value":"0"},"34":{"id":"e5054c91-4d57-4035-95b1-a1fc8fb4c210","boxId":"84366ddd-3ca2-434a-ade9-e83e509deea3","fieldId":"ebe444f5-6b2b-4531-aca5-2955db3f57ef","key":"render","value":"id"},"38":{"id":"b5ef7ad5-460f-403d-a994-80dad0d917aa","boxId":"84366ddd-3ca2-434a-ade9-e83e509deea3","fieldId":"ebe444f5-6b2b-4531-aca5-2955db3f57ef","key":"allow_html","value":""}}}]}]},"_links":{"self":[{"href":"https:\/\/www.axolight.it\/fr\/wp-json\/wp\/v2\/progetti\/16849","targetHints":{"allow":["GET"]}}],"collection":[{"href":"https:\/\/www.axolight.it\/fr\/wp-json\/wp\/v2\/progetti"}],"about":[{"href":"https:\/\/www.axolight.it\/fr\/wp-json\/wp\/v2\/types\/progetti"}],"wp:featuredmedia":[{"embeddable":true,"href":"https:\/\/www.axolight.it\/fr\/wp-json\/wp\/v2\/media\/16845"}],"wp:attachment":[{"href":"https:\/\/www.axolight.it\/fr\/wp-json\/wp\/v2\/media?parent=16849"}],"wp:term":[{"taxonomy":"collezioni","embeddable":true,"href":"https:\/\/www.axolight.it\/fr\/wp-json\/wp\/v2\/collezioni?post=16849"},{"taxonomy":"categoria-progetto","embeddable":true,"href":"https:\/\/www.axolight.it\/fr\/wp-json\/wp\/v2\/categoria-progetto?post=16849"}],"curies":[{"name":"wp","href":"https:\/\/api.w.org\/{rel}","templated":true}]}}

Résidence privée Les greniers de Babel

<p>La suspension Bell est la pièce maîtresse de ce projet ; elle a été choisie pour sa capacité à apporter caractère et raffinement à n&rsquo;importe quel espace. Ses lignes sinueuses, associées au tissu pongé raffiné, donnent naissance à un design intemporel, à la fois élégant et discret, capable de mettre en valeur les espaces sans les dominer. La lumière chaude et douce qu&rsquo;elle diffuse contribue à créer une atmosphère accueillante et raffinée.</p>

<p>La suspension Bell est la pièce maîtresse de ce projet ; elle a été choisie pour sa capacité à apporter caractère et raffinement à n&rsquo;importe quel espace. Ses lignes sinueuses, associées au tissu pongé raffiné, donnent naissance à un design intemporel, à la fois élégant et discret, capable de mettre en valeur les espaces sans [&hellip;]</p>
